{"id":29378,"date":"2020-04-26T11:30:48","date_gmt":"2020-04-26T09:30:48","guid":{"rendered":"https:\/\/vinilosalacarta.com\/tienda\/?post_type=product&#038;p=29378"},"modified":"2020-04-26T11:44:54","modified_gmt":"2020-04-26T09:44:54","slug":"camiseta-maestro-tortuga","status":"publish","type":"product","link":"https:\/\/vinilosalacarta.com\/tienda\/producto\/camiseta-maestro-tortuga\/","title":{"rendered":"Maestro Tortuga"},"content":{"rendered":"","protected":false},"excerpt":{"rendered":"<p>\u00bfA qui\u00e9n no le gustar\u00eda entrenar en esta m\u00edtica escuela? Deja que todos sepan que eres el alumno aventajado del Mastro Tortuga, y compa\u00f1ero de Goku<\/p>\n<p>Camiseta de manga corta, de cuello redondo doble con elastano, confeccionada en tejido tubular en tallas de adulto, y con costuras laterales en tallas de ni\u00f1o, con cubrecosturas reforzado en cuello.<\/p>\n<p>100% algod\u00f3n, punto liso, 155 g\/m\u00b2.100% algod\u00f3n, punto liso. 155 g\/m\u00b2<\/p>\n","protected":false},"featured_media":29390,"template":"","meta":[],"product_cat":[15],"product_tag":[1649,1650,1651,1648,1755,1647,1756,1754,1752,1753],"yst_prominent_words":[],"class_list":["post-29378","product","type-product","status-publish","has-post-thumbnail","hentry","product_cat-sin-categorizar","product_tag-ball","product_tag-bola","product_tag-drac","product_tag-dragon","product_tag-duende","product_tag-goku","product_tag-kame-sennin","product_tag-maestro","product_tag-mutenroshi","product_tag-tortuga"],"_links":{"self":[{"href":"https:\/\/vinilosalacarta.com\/tienda\/wp-json\/wp\/v2\/product\/29378","targetHints":{"allow":["GET"]}}],"collection":[{"href":"https:\/\/vinilosalacarta.com\/tienda\/wp-json\/wp\/v2\/product"}],"about":[{"href":"https:\/\/vinilosalacarta.com\/tienda\/wp-json\/wp\/v2\/types\/product"}],"wp:featuredmedia":[{"embeddable":true,"href":"https:\/\/vinilosalacarta.com\/tienda\/wp-json\/wp\/v2\/media\/29390"}],"wp:attachment":[{"href":"https:\/\/vinilosalacarta.com\/tienda\/wp-json\/wp\/v2\/media?parent=29378"}],"wp:term":[{"taxonomy":"product_cat","embeddable":true,"href":"https:\/\/vinilosalacarta.com\/tienda\/wp-json\/wp\/v2\/product_cat?post=29378"},{"taxonomy":"product_tag","embeddable":true,"href":"https:\/\/vinilosalacarta.com\/tienda\/wp-json\/wp\/v2\/product_tag?post=29378"},{"taxonomy":"yst_prominent_words","embeddable":true,"href":"https:\/\/vinilosalacarta.com\/tienda\/wp-json\/wp\/v2\/yst_prominent_words?post=29378"}],"curies":[{"name":"wp","href":"https:\/\/api.w.org\/{rel}","templated":true}]}}