{"id":29721,"date":"2020-09-20T21:08:33","date_gmt":"2020-09-20T19:08:33","guid":{"rendered":"https:\/\/vinilosalacarta.com\/tienda\/?post_type=product&#038;p=29721"},"modified":"2020-09-20T21:11:48","modified_gmt":"2020-09-20T19:11:48","slug":"alfombrilla-redonda","status":"publish","type":"product","link":"https:\/\/vinilosalacarta.com\/tienda\/producto\/alfombrilla-redonda\/","title":{"rendered":"Alfombrilla Redonda"},"content":{"rendered":"","protected":false},"excerpt":{"rendered":"<p>Alfombrilla para el rat\u00f3n personalizable con foto o texto.<\/p>\n<p>Tiene forma circular, con base de goma antideslizante y capa superior en poli\u00e9ster blanco, para poder personalizarr con tus im\u00e1genes o mensajes originales. Ideal para dar un toque original y personal a tu \u00e1rea de trabajo<\/p>\n<p><strong>Color:<\/strong>\u00a0base de goma negra y superficie personalizable blanca<\/p>\n<p><strong>\u00c1rea de impresi\u00f3n:<\/strong>\u00a021 cm de di\u00e1metro<\/p>\n<p><strong>Grosor:<\/strong>\u00a03\u00a0mm<\/p>\n","protected":false},"featured_media":29724,"template":"","meta":[],"product_cat":[15],"product_tag":[1938,1935,1775,1937,1936,702,1781],"yst_prominent_words":[],"class_list":["post-29721","product","type-product","status-publish","has-post-thumbnail","hentry","product_cat-sin-categorizar","product_tag-alfombra","product_tag-alfombrilla","product_tag-foto","product_tag-ordenador","product_tag-raton","product_tag-regalo","product_tag-san-valentin"],"_links":{"self":[{"href":"https:\/\/vinilosalacarta.com\/tienda\/wp-json\/wp\/v2\/product\/29721","targetHints":{"allow":["GET"]}}],"collection":[{"href":"https:\/\/vinilosalacarta.com\/tienda\/wp-json\/wp\/v2\/product"}],"about":[{"href":"https:\/\/vinilosalacarta.com\/tienda\/wp-json\/wp\/v2\/types\/product"}],"wp:featuredmedia":[{"embeddable":true,"href":"https:\/\/vinilosalacarta.com\/tienda\/wp-json\/wp\/v2\/media\/29724"}],"wp:attachment":[{"href":"https:\/\/vinilosalacarta.com\/tienda\/wp-json\/wp\/v2\/media?parent=29721"}],"wp:term":[{"taxonomy":"product_cat","embeddable":true,"href":"https:\/\/vinilosalacarta.com\/tienda\/wp-json\/wp\/v2\/product_cat?post=29721"},{"taxonomy":"product_tag","embeddable":true,"href":"https:\/\/vinilosalacarta.com\/tienda\/wp-json\/wp\/v2\/product_tag?post=29721"},{"taxonomy":"yst_prominent_words","embeddable":true,"href":"https:\/\/vinilosalacarta.com\/tienda\/wp-json\/wp\/v2\/yst_prominent_words?post=29721"}],"curies":[{"name":"wp","href":"https:\/\/api.w.org\/{rel}","templated":true}]}}